{"id":1715,"date":"2021-09-22T09:38:51","date_gmt":"2021-09-22T09:38:51","guid":{"rendered":"https:\/\/psicoigormarques.com.br\/?page_id=1715"},"modified":"2025-07-01T07:05:37","modified_gmt":"2025-07-01T07:05:37","slug":"team-details","status":"publish","type":"page","link":"https:\/\/psicoigormarques.com.br\/?page_id=1715","title":{"rendered":"Conhe\u00e7a O Profissional"},"content":{"rendered":"\t\t<div data-elementor-type=\"wp-page\" data-elementor-id=\"1715\" class=\"elementor elementor-1715\">\n\t\t\t\t\t\t<section class=\"elementor-section elementor-top-section elementor-element elementor-element-cf723a4 elementor-section-full_width elementor-section-height-default elementor-section-height-default\" data-id=\"cf723a4\" data-element_type=\"section\">\n\t\t\t\t\t\t<div class=\"elementor-container elementor-column-gap-no\">\n\t\t\t\t\t<div class=\"elementor-column elementor-col-100 elementor-top-column elementor-element elementor-element-d94f4ef\" data-id=\"d94f4ef\" data-element_type=\"column\">\n\t\t\t<div class=\"elementor-widget-wrap elementor-element-populated\">\n\t\t\t\t\t\t<div class=\"elementor-element elementor-element-20e535e elementor-widget elementor-widget-polpress_team_details\" data-id=\"20e535e\" data-element_type=\"widget\" data-widget_type=\"polpress_team_details.default\">\n\t\t\t\t<div class=\"elementor-widget-container\">\n\t\t\t\t\t\t\t<!-- team-section -->\n\t\t<section class=\"team-section team-details\">\n\t\t\t<div class=\"auto-container\">\n\t\t\t\t<div class=\"team-details-content\">\n\t\t\t\t\t<div class=\"row align-items-center clearfix\">\n\t\t\t\t\t\t<div class=\"col-lg-6 col-md-6 col-sm-12 image-column\">\n\t\t\t\t\t\t\t<div class=\"image_block_2\">\n\t\t\t\t\t\t\t\t<div class=\"image-box\">\n\t\t\t\t\t\t\t\t\t<figure class=\"image\">\n\t\t\t\t\t\t\t\t\t\t<img fetchpriority=\"high\" decoding=\"async\" width=\"1438\" height=\"2560\" src=\"https:\/\/psicoigormarques.com.br\/wp-content\/uploads\/2025\/04\/LRM_20250407_130233-1-scaled.jpg\" class=\"attachment-full size-full\" alt=\"\" \/>\t\t\t\t\t\t\t\t\t<\/figure>\n\t\t\t\t\t\t\t\t<\/div>\n\t\t\t\t\t\t\t<\/div>\n\t\t\t\t\t\t<\/div>\n\t\t\t\t\t\t<div class=\"col-lg-6 col-md-6 col-sm-12 content-column\">\n\t\t\t\t\t\t\t<div class=\"content_block_2\">\n\t\t\t\t\t\t\t\t<div class=\"content-box\">\n\t\t\t\t\t\t\t\t\t<div class=\"sec-title\">\n\t\t\t\t\t\t\t\t\t\t<h6>Psic\u00f3logo e Psicanalista<\/h6>\n\t\t\t\t\t\t\t\t\t\t<h2>Igor Marques dos Santos<\/h2>\n\t\t\t\t\t\t\t\t\t\t<p>Doutorando em Psicologia Experimental <br \/> na Universidade de S\u00e3o Paulo (CRP 06 \/ 160059)<\/p>\n\t\t\t\t\t\t\t\t\t<\/div>\n\t\t\t\t\t\t\t\t\t<div class=\"text\">\n\t\t\t\t\t\t\t\t\t\t<h3>Biografia<\/h3>\n\t\t\t\t\t\t\t\t\t\t<p>Sempre fui um estudante muito curioso durante a faculdade, me inscrevendo em muitos projetos, est\u00e1gios, atividades extra-curriculares. A curiosidade e anima\u00e7\u00e3o seguiram para a vida profissional, aliando-se \u00e0 responsabilidade e referencial te\u00f3rico mais robusto, com manejos cl\u00ednicos cada vez melhor informados. Aqui escrevo um pouco sobre meus caminhos na Psicologia e na Pesquisa! <\/p>\n\t\t\t\t\t\t\t\t\t<\/div>\n\t\t\t\t\t\t\t\t\t<ul class=\"info clearfix\">\n\t\t\t\t\t\t\t\t\t\t<li>Telefone: <a href=\"tel:5511998336259\">(11) 99833-6259<\/a><\/li>\n<li>Email: <a href=\"mailto:igormrqsantos@gmail.com\">igormrqsantos@gmail.com<\/a><\/li> \t\t\t\t\t\t\t\t\t<\/ul>\n\t\t\t\t\t\t\t\t\t<ul class=\"social-style-one clearfix\">\n\t\t\t\t\t\t\t\t\t\t\n\t\t\t\t\t\t\t\t\t<\/ul>\n\t\t\t\t\t\t\t\t<\/div>\n\t\t\t\t\t\t\t<\/div>\n\t\t\t\t\t\t<\/div>\n\t\t\t\t\t<\/div>\n\t\t\t\t<\/div>\n\t\t\t<\/div>\n\t\t<\/section>\n\t\t\t\t<\/div>\n\t\t\t\t<\/div>\n\t\t\t\t<div class=\"elementor-element elementor-element-eda605e elementor-view-framed elementor-shape-circle elementor-widget elementor-widget-icon\" data-id=\"eda605e\" data-element_type=\"widget\" data-widget_type=\"icon.default\">\n\t\t\t\t<div class=\"elementor-widget-container\">\n\t\t\t\t\t\t\t<div class=\"elementor-icon-wrapper\">\n\t\t\t<div class=\"elementor-icon\">\n\t\t\t<svg aria-hidden=\"true\" class=\"e-font-icon-svg e-fas-user-graduate\" viewBox=\"0 0 448 512\" xmlns=\"http:\/\/www.w3.org\/2000\/svg\"><path d=\"M319.4 320.6L224 416l-95.4-95.4C57.1 323.7 0 382.2 0 454.4v9.6c0 26.5 21.5 48 48 48h352c26.5 0 48-21.5 48-48v-9.6c0-72.2-57.1-130.7-128.6-133.8zM13.6 79.8l6.4 1.5v58.4c-7 4.2-12 11.5-12 20.3 0 8.4 4.6 15.4 11.1 19.7L3.5 242c-1.7 6.9 2.1 14 7.6 14h41.8c5.5 0 9.3-7.1 7.6-14l-15.6-62.3C51.4 175.4 56 168.4 56 160c0-8.8-5-16.1-12-20.3V87.1l66 15.9c-8.6 17.2-14 36.4-14 57 0 70.7 57.3 128 128 128s128-57.3 128-128c0-20.6-5.3-39.8-14-57l96.3-23.2c18.2-4.4 18.2-27.1 0-31.5l-190.4-46c-13-3.1-26.7-3.1-39.7 0L13.6 48.2c-18.1 4.4-18.1 27.2 0 31.6z\"><\/path><\/svg>\t\t\t<\/div>\n\t\t<\/div>\n\t\t\t\t\t\t<\/div>\n\t\t\t\t<\/div>\n\t\t\t\t\t<\/div>\n\t\t<\/div>\n\t\t\t\t\t<\/div>\n\t\t<\/section>\n\t\t<div class=\"elementor-element elementor-element-2479006 e-grid e-con-boxed e-con e-parent\" data-id=\"2479006\" data-element_type=\"container\">\n\t\t\t\t\t<div class=\"e-con-inner\">\n\t\t<div class=\"elementor-element elementor-element-061a2ed e-con-full e-flex e-con e-child\" data-id=\"061a2ed\" data-element_type=\"container\">\n\t\t\t\t<div class=\"elementor-element elementor-element-701468a elementor-widget elementor-widget-heading\" data-id=\"701468a\" data-element_type=\"widget\" data-widget_type=\"heading.default\">\n\t\t\t\t<div class=\"elementor-widget-container\">\n\t\t\t\t\t<h1 class=\"elementor-heading-title elementor-size-default\">Forma\u00e7\u00e3o Acad\u00eamica<\/h1>\t\t\t\t<\/div>\n\t\t\t\t<\/div>\n\t\t\t\t<div class=\"elementor-element elementor-element-8747746 elementor-widget elementor-widget-text-editor\" data-id=\"8747746\" data-element_type=\"widget\" data-widget_type=\"text-editor.default\">\n\t\t\t\t<div class=\"elementor-widget-container\">\n\t\t\t\t\t\t\t\t\t<p>Minha jornada na Psicologia come\u00e7ou na <strong><b>Universidade de S\u00e3o Paulo (USP)<\/b><\/strong>, campus Butant\u00e3. Durante a gradua\u00e7\u00e3o, explorei diversas abordagens psicol\u00f3gicas e tive experi\u00eancias pr\u00e1ticas fundamentais:<\/p><p><strong><b>Plant\u00f5es Psicol\u00f3gicos na Cl\u00ednica-Escola:<\/b><\/strong>\u00a0Atendimento gratuitos a pessoas\u00a0da comunidade\u00a0que buscavam suporte psicol\u00f3gico imediato.\u00a0Qualquer pessoa maior de 18 anos era aceita dentro do hor\u00e1rio de funcionamento.<\/p><p><strong><b>Contato com o SUS:<\/b><\/strong>\u00a0Experi\u00eancia nos servi\u00e7os p\u00fablicos de sa\u00fade mental por meio de est\u00e1gios, e compreens\u00e3o do funcionamento do sistema de sa\u00fade\u00a0brasileiro.<\/p><p><strong><b>Atendimentos Individuais Supervisionados:<\/b><\/strong>\u00a0Aplica\u00e7\u00e3o da <strong><b>psican\u00e1lise p\u00f3s-bioniana<\/b><\/strong>, incluindo participa\u00e7\u00e3o em <strong><b>grupos de estudo<\/b><\/strong>\u00a0e publica\u00e7\u00e3o de um <strong><b>artigo e cap\u00edtulo de livro<\/b><\/strong>\u00a0sobre conceitos cl\u00ednicos.<\/p><p><strong><b>Experi\u00eancia Internacional:<\/b><\/strong>\u00a0Est\u00e1gio de pesquisa na <strong><b>Universit\u00e9 de Moncton, no Canad\u00e1<\/b><\/strong>, onde conheci diferentes abordagens psicol\u00f3gicas al\u00e9m das tradicionais brasileiras\u00a0e trabalhei com escalas psicol\u00f3gicas de intelig\u00eancia.<\/p><h5 style=\"text-align: right;\"><strong><b>Pesquisa e Interesses em Psican\u00e1lise e Etologia<\/b><\/strong><\/h5><p>Al\u00e9m da pr\u00e1tica cl\u00ednica, desenvolvi pesquisas no campo da <strong><b>Etologia<\/b><\/strong>, ramo da psicologia que estuda o comportamento dos animais e seus instintos, incluindo o humano. Esse estudo ampliou minha vis\u00e3o sobre o pensamento humano e suas rela\u00e7\u00f5es com o ambiente, permitindo-me abordar o <strong><b>sofrimento emocional<\/b><\/strong>\u00a0com uma perspectiva mais abrangente.<\/p>\t\t\t\t\t\t\t\t<\/div>\n\t\t\t\t<\/div>\n\t\t\t\t<\/div>\n\t\t\t\t<div class=\"elementor-element elementor-element-5cd307b elementor-widget elementor-widget-image\" data-id=\"5cd307b\" data-element_type=\"widget\" data-widget_type=\"image.default\">\n\t\t\t\t<div class=\"elementor-widget-container\">\n\t\t\t\t\t\t\t\t\t\t\t\t\t\t\t<img decoding=\"async\" src=\"https:\/\/psicoigormarques.com.br\/wp-content\/uploads\/elementor\/thumbs\/IPUSP-r4qovle1bqu3avxywsvue8zn3ryqbjhkq6t0d0xkz4.jpg\" title=\"IPUSP\" alt=\"IPUSP\" loading=\"lazy\" \/>\t\t\t\t\t\t\t\t\t\t\t\t\t\t\t<\/div>\n\t\t\t\t<\/div>\n\t\t\t\t\t<\/div>\n\t\t\t\t<\/div>\n\t\t<div class=\"elementor-element elementor-element-33b51dd e-flex e-con-boxed e-con e-parent\" data-id=\"33b51dd\" data-element_type=\"container\">\n\t\t\t\t\t<div class=\"e-con-inner\">\n\t\t\t\t<div class=\"elementor-element elementor-element-06f2ae6 elementor-widget elementor-widget-spacer\" data-id=\"06f2ae6\" data-element_type=\"widget\" data-widget_type=\"spacer.default\">\n\t\t\t\t<div class=\"elementor-widget-container\">\n\t\t\t\t\t\t\t<div class=\"elementor-spacer\">\n\t\t\t<div class=\"elementor-spacer-inner\"><\/div>\n\t\t<\/div>\n\t\t\t\t\t\t<\/div>\n\t\t\t\t<\/div>\n\t\t\t\t<div class=\"elementor-element elementor-element-c696b1d elementor-view-framed elementor-shape-circle elementor-widget elementor-widget-icon\" data-id=\"c696b1d\" data-element_type=\"widget\" data-widget_type=\"icon.default\">\n\t\t\t\t<div class=\"elementor-widget-container\">\n\t\t\t\t\t\t\t<div class=\"elementor-icon-wrapper\">\n\t\t\t<div class=\"elementor-icon\">\n\t\t\t<svg aria-hidden=\"true\" class=\"e-font-icon-svg e-fas-suitcase\" viewBox=\"0 0 512 512\" xmlns=\"http:\/\/www.w3.org\/2000\/svg\"><path d=\"M128 480h256V80c0-26.5-21.5-48-48-48H176c-26.5 0-48 21.5-48 48v400zm64-384h128v32H192V96zm320 80v256c0 26.5-21.5 48-48 48h-48V128h48c26.5 0 48 21.5 48 48zM96 480H48c-26.5 0-48-21.5-48-48V176c0-26.5 21.5-48 48-48h48v352z\"><\/path><\/svg>\t\t\t<\/div>\n\t\t<\/div>\n\t\t\t\t\t\t<\/div>\n\t\t\t\t<\/div>\n\t\t\t\t\t<\/div>\n\t\t\t\t<\/div>\n\t\t<div class=\"elementor-element elementor-element-6b15fef e-grid e-con-boxed e-con e-parent\" data-id=\"6b15fef\" data-element_type=\"container\">\n\t\t\t\t\t<div class=\"e-con-inner\">\n\t\t\t\t<div class=\"elementor-element elementor-element-e486d9a elementor-widget elementor-widget-image\" data-id=\"e486d9a\" data-element_type=\"widget\" data-widget_type=\"image.default\">\n\t\t\t\t<div class=\"elementor-widget-container\">\n\t\t\t\t\t\t\t\t\t\t\t\t\t\t\t<img decoding=\"async\" src=\"https:\/\/psicoigormarques.com.br\/wp-content\/uploads\/elementor\/thumbs\/concurso-ufpa-r4qpa6ts8a0xywl09p54hzjy4tta6l7t6mw9hatabs.png\" title=\"concurso-ufpa\" alt=\"concurso-ufpa\" loading=\"lazy\" \/>\t\t\t\t\t\t\t\t\t\t\t\t\t\t\t<\/div>\n\t\t\t\t<\/div>\n\t\t<div class=\"elementor-element elementor-element-afd8a97 e-con-full e-flex e-con e-child\" data-id=\"afd8a97\" data-element_type=\"container\">\n\t\t\t\t<div class=\"elementor-element elementor-element-3725f43 elementor-widget elementor-widget-heading\" data-id=\"3725f43\" data-element_type=\"widget\" data-widget_type=\"heading.default\">\n\t\t\t\t<div class=\"elementor-widget-container\">\n\t\t\t\t\t<h2 class=\"elementor-heading-title elementor-size-default\">P\u00f3s Gradua\u00e7\u00e3o &amp;<br>Atua\u00e7\u00e3o Profissional<\/h2>\t\t\t\t<\/div>\n\t\t\t\t<\/div>\n\t\t\t\t<div class=\"elementor-element elementor-element-b2cf6b2 elementor-widget elementor-widget-text-editor\" data-id=\"b2cf6b2\" data-element_type=\"widget\" data-widget_type=\"text-editor.default\">\n\t\t\t\t<div class=\"elementor-widget-container\">\n\t\t\t\t\t\t\t\t\t<p>Ap\u00f3s concluir a gradua\u00e7\u00e3o em 2020, iniciei minha carreira cl\u00ednica e acad\u00eamica em meio \u00e0 pandemia. Desde ent\u00e3o, meus caminhos seguem assim:<\/p><p><b style=\"font-weight: bold;\">Atendimentos Cl\u00ednicos<\/b>, com\u00a0sess\u00f5es realizadas tanto presencialmente, na <strong><b>Avenida Paulista &#8211; S\u00e3o Paulo<\/b><\/strong>, quanto online.<\/p><p><b style=\"font-weight: bold;\">Mestrado em Psicologia Experimental (USP),\u00a0<\/b>\u00a0com uma\u00a0pesquisa aprofundada sobre a\u00a0<strong><b>psican\u00e1lise e etologia<\/b><\/strong>, conclu\u00edda em 2023.<\/p><p><strong><b>Doutorado <\/b><\/strong><strong><b>em Psicologia Experimental (<\/b><\/strong><strong><b>USP<\/b><\/strong><strong><b>)<\/b><\/strong><strong><b>,<\/b><\/strong>\u00a0na continua\u00e7\u00e3o dos estudos sobre a interse\u00e7\u00e3o entre <strong><b>Psican\u00e1lise e Etologia<\/b><\/strong>, explorando novas formas de entender o psiquismo humano\u00a0e sua rela\u00e7\u00e3o com outros animais.<\/p><p>E, mais recentemente,\u00a0<b style=\"font-weight: bold;\">Resid\u00eancia Acad\u00eamica na UFPA:<\/b>\u00a0Experi\u00eancia acad\u00eamica\u00a0onde amplio meus conhecimentos sobre diferentes formas de estudar a psicologia<\/p><h3><strong><b>Minha Abordagem Psicanal\u00edtica<\/b><\/strong><\/h3><p>Atuo dentro das tradi\u00e7\u00f5es te\u00f3ricas e pr\u00e1ticas <strong><b>p\u00f3s-bionianas<\/b><\/strong>, baseadas no trabalho de <strong><b>Wilfred Bion (1897-1979)<\/b><\/strong>. Esse referencial permite pensar novas formas de conduzir e interpretar a sess\u00e3o psicanal\u00edtica, e envolve autorias como Thomas Ogden, Antonino Ferro, e autorias brasileiras, como Marina Ribeiro, Arnaldo Chuster, etc.<\/p><p>Mas, caso voc\u00ea n\u00e3o tenha contato com esses nomes, n\u00e3o se preocupe! O importante \u00e9 conseguirmos nos conectarmos durante as sess\u00f5es.<\/p>\t\t\t\t\t\t\t\t<\/div>\n\t\t\t\t<\/div>\n\t\t\t\t<\/div>\n\t\t\t\t\t<\/div>\n\t\t\t\t<\/div>\n\t\t<div class=\"elementor-element elementor-element-aeb6c13 e-flex e-con-boxed e-con e-parent\" data-id=\"aeb6c13\" data-element_type=\"container\">\n\t\t\t\t\t<div class=\"e-con-inner\">\n\t\t\t\t<div class=\"elementor-element elementor-element-e828adb elementor-widget elementor-widget-image\" data-id=\"e828adb\" data-element_type=\"widget\" data-widget_type=\"image.default\">\n\t\t\t\t<div class=\"elementor-widget-container\">\n\t\t\t\t\t\t\t\t\t\t\t\t\t\t\t<img decoding=\"async\" width=\"2560\" height=\"270\" src=\"https:\/\/psicoigormarques.com.br\/wp-content\/uploads\/2025\/04\/extreme-closeup-chopped-wood-with-visible-ring-pattern-scaled.jpg\" class=\"attachment-full size-full wp-image-1848\" alt=\"\" srcset=\"https:\/\/psicoigormarques.com.br\/wp-content\/uploads\/2025\/04\/extreme-closeup-chopped-wood-with-visible-ring-pattern-scaled.jpg 2560w, https:\/\/psicoigormarques.com.br\/wp-content\/uploads\/2025\/04\/extreme-closeup-chopped-wood-with-visible-ring-pattern-300x32.jpg 300w, https:\/\/psicoigormarques.com.br\/wp-content\/uploads\/2025\/04\/extreme-closeup-chopped-wood-with-visible-ring-pattern-1024x108.jpg 1024w, https:\/\/psicoigormarques.com.br\/wp-content\/uploads\/2025\/04\/extreme-closeup-chopped-wood-with-visible-ring-pattern-768x81.jpg 768w, https:\/\/psicoigormarques.com.br\/wp-content\/uploads\/2025\/04\/extreme-closeup-chopped-wood-with-visible-ring-pattern-1536x162.jpg 1536w, https:\/\/psicoigormarques.com.br\/wp-content\/uploads\/2025\/04\/extreme-closeup-chopped-wood-with-visible-ring-pattern-2048x216.jpg 2048w\" sizes=\"(max-width: 2560px) 100vw, 2560px\" \/>\t\t\t\t\t\t\t\t\t\t\t\t\t\t\t<\/div>\n\t\t\t\t<\/div>\n\t\t\t\t<div class=\"elementor-element elementor-element-f0118f9 elementor-view-framed elementor-shape-circle elementor-widget elementor-widget-icon\" data-id=\"f0118f9\" data-element_type=\"widget\" data-widget_type=\"icon.default\">\n\t\t\t\t<div class=\"elementor-widget-container\">\n\t\t\t\t\t\t\t<div class=\"elementor-icon-wrapper\">\n\t\t\t<div class=\"elementor-icon\">\n\t\t\t<svg aria-hidden=\"true\" class=\"e-font-icon-svg e-fas-step-forward\" viewBox=\"0 0 448 512\" xmlns=\"http:\/\/www.w3.org\/2000\/svg\"><path d=\"M384 44v424c0 6.6-5.4 12-12 12h-48c-6.6 0-12-5.4-12-12V291.6l-195.5 181C95.9 489.7 64 475.4 64 448V64c0-27.4 31.9-41.7 52.5-24.6L312 219.3V44c0-6.6 5.4-12 12-12h48c6.6 0 12 5.4 12 12z\"><\/path><\/svg>\t\t\t<\/div>\n\t\t<\/div>\n\t\t\t\t\t\t<\/div>\n\t\t\t\t<\/div>\n\t\t\t\t<div class=\"elementor-element elementor-element-8bef08a elementor-widget elementor-widget-heading\" data-id=\"8bef08a\" data-element_type=\"widget\" data-widget_type=\"heading.default\">\n\t\t\t\t<div class=\"elementor-widget-container\">\n\t\t\t\t\t<h2 class=\"elementor-heading-title elementor-size-default\">Para Saber Mais...<\/h2>\t\t\t\t<\/div>\n\t\t\t\t<\/div>\n\t\t<div class=\"elementor-element elementor-element-0213e37 e-grid e-con-full e-con e-child\" data-id=\"0213e37\" data-element_type=\"container\">\n\t\t\t\t<div class=\"elementor-element elementor-element-b916957 elementor-widget elementor-widget-text-editor\" data-id=\"b916957\" data-element_type=\"widget\" data-widget_type=\"text-editor.default\">\n\t\t\t\t<div class=\"elementor-widget-container\">\n\t\t\t\t\t\t\t\t\t<p>Para mais informa\u00e7\u00f5es sobre minha trajet\u00f3ria acad\u00eamica e publica\u00e7\u00f5es, confira meu perfil no <strong><b>Lattes<\/b><\/strong>, onde re\u00fano minhas produ\u00e7\u00f5es e trabalhos acad\u00eamicos.\u00a0<\/p>\t\t\t\t\t\t\t\t<\/div>\n\t\t\t\t<\/div>\n\t\t\t\t<div class=\"elementor-element elementor-element-7bd29ea elementor-button-info elementor-align-center elementor-invisible elementor-widget elementor-widget-button\" data-id=\"7bd29ea\" data-element_type=\"widget\" data-settings=\"{&quot;_animation&quot;:&quot;fadeIn&quot;}\" data-widget_type=\"button.default\">\n\t\t\t\t<div class=\"elementor-widget-container\">\n\t\t\t\t\t\t\t\t\t<div class=\"elementor-button-wrapper\">\n\t\t\t\t\t<a class=\"elementor-button elementor-button-link elementor-size-sm\" href=\"http:\/\/lattes.cnpq.br\/5466285508843558\">\n\t\t\t\t\t\t<span class=\"elementor-button-content-wrapper\">\n\t\t\t\t\t\t\t\t\t<span class=\"elementor-button-text\">Meu Perfil Lattes<\/span>\n\t\t\t\t\t<\/span>\n\t\t\t\t\t<\/a>\n\t\t\t\t<\/div>\n\t\t\t\t\t\t\t\t<\/div>\n\t\t\t\t<\/div>\n\t\t\t\t<\/div>\n\t\t\t\t\t<\/div>\n\t\t\t\t<\/div>\n\t\t\t\t<\/div>\n\t\t","protected":false},"excerpt":{"rendered":"<p>Psic\u00f3logo e Psicanalista Igor Marques dos Santos Doutorando em Psicologia Experimental na Universidade de S\u00e3o Paulo (CRP 06 \/ 160059) [&hellip;]<\/p>\n","protected":false},"author":1,"featured_media":972,"parent":0,"menu_order":0,"comment_status":"closed","ping_status":"closed","template":"elementor_header_footer","meta":{"footnotes":""},"class_list":["post-1715","page","type-page","status-publish","has-post-thumbnail","hentry"],"_links":{"self":[{"href":"https:\/\/psicoigormarques.com.br\/index.php?rest_route=\/wp\/v2\/pages\/1715","targetHints":{"allow":["GET"]}}],"collection":[{"href":"https:\/\/psicoigormarques.com.br\/index.php?rest_route=\/wp\/v2\/pages"}],"about":[{"href":"https:\/\/psicoigormarques.com.br\/index.php?rest_route=\/wp\/v2\/types\/page"}],"author":[{"embeddable":true,"href":"https:\/\/psicoigormarques.com.br\/index.php?rest_route=\/wp\/v2\/users\/1"}],"replies":[{"embeddable":true,"href":"https:\/\/psicoigormarques.com.br\/index.php?rest_route=%2Fwp%2Fv2%2Fcomments&post=1715"}],"version-history":[{"count":16,"href":"https:\/\/psicoigormarques.com.br\/index.php?rest_route=\/wp\/v2\/pages\/1715\/revisions"}],"predecessor-version":[{"id":2017,"href":"https:\/\/psicoigormarques.com.br\/index.php?rest_route=\/wp\/v2\/pages\/1715\/revisions\/2017"}],"wp:featuredmedia":[{"embeddable":true,"href":"https:\/\/psicoigormarques.com.br\/index.php?rest_route=\/wp\/v2\/media\/972"}],"wp:attachment":[{"href":"https:\/\/psicoigormarques.com.br\/index.php?rest_route=%2Fwp%2Fv2%2Fmedia&parent=1715"}],"curies":[{"name":"wp","href":"https:\/\/api.w.org\/{rel}","templated":true}]}}